{"id":1154,"date":"2018-04-09T15:56:30","date_gmt":"2018-04-09T13:56:30","guid":{"rendered":"https:\/\/martilawyers.com\/?page_id=1154"},"modified":"2025-09-29T12:06:44","modified_gmt":"2025-09-29T10:06:44","slug":"le-cabinet","status":"publish","type":"page","link":"https:\/\/martilawyers.com\/fr\/le-cabinet\/","title":{"rendered":"Le Cabinet"},"content":{"rendered":"\t\t<div data-elementor-type=\"wp-page\" data-elementor-id=\"1154\" class=\"elementor elementor-1154 elementor-152\">\n\t\t\t\t<div class=\"elementor-element elementor-element-bba6404 e-grid animated-slow e-con-boxed elementor-invisible e-con e-parent \" data-id=\"bba6404\" data-element_type=\"container\" data-settings=\"{&quot;animation&quot;:&quot;fadeIn&quot;}\">\t\t\t<div class=\"e-con-inner\">\r\n\t\t<div class=\"elementor-element elementor-element-732d711 e-con-full e-flex e-con e-child \" data-id=\"732d711\" data-element_type=\"container\">\t\t<div class=\"elementor-element elementor-element-210a1de1 elementor-widget elementor-widget-text-editor\" data-id=\"210a1de1\" data-element_type=\"widget\" data-widget_type=\"text-editor.default\">\n\t\t\t\t\t\t\t\t\t<div id=\"pxl-main\"><div class=\"elementor-container\"><div class=\"row pxl-content-wrap no-sidebar\"><div id=\"pxl-content-area\" class=\"pxl-content-area pxl-content-page col-12\"><p><strong>Mart\u00ed &amp; Associats<\/strong>\u00a0est un cabinet d\u2019avocats et \u00e9conomistes situ\u00e9 \u00e0 Barcelone, dont l\u2019objectif principal est de fournir des services professionnels d\u2019une haute qualification technique aux entreprises et aux personnes physiques.<\/p><article id=\"pxl-post-1154\" class=\"post-1154 page type-page status-publish has-post-thumbnail hentry\"><div class=\"pxl-entry-content clearfix\"><p>Par ailleurs,\u00a0<strong>Mart\u00ed &amp; Associats<\/strong>\u00a0est le membre en Espagne du r\u00e9seau international de cabinets d\u2019avocats d\u00e9nomm\u00e9 Ally Law, ce qui nous permet de maintenir des \u00e9changes et des contacts fluides avec des soci\u00e9t\u00e9s situ\u00e9es dans les principaux pays et juridictions du monde.<\/p><p>Nos langues de communication, tant au niveau parl\u00e9 qu\u2019\u00e9crit, sont, avec l\u2019espagnol et le catalan, l\u2019anglais, le allemand, l\u2019italien, le fran\u00e7ais et le russe.<\/p><\/div><p>\u00a0<\/p><\/article><p>\u00a0<\/p><\/div><p>\u00a0<\/p><\/div><p>\u00a0<\/p><\/div><p>\u00a0<\/p><\/div>\t\t\t\t\t\t\t\t<\/div>\n\t\t\t\t<div class=\"elementor-element elementor-element-81b2d2b elementor-widget elementor-widget-pxl_heading\" data-id=\"81b2d2b\" data-element_type=\"widget\" data-widget_type=\"pxl_heading.default\">\n\t\t\t\t<div class=\"elementor-widget-container\">\n\t\t\t\t\t\n<div id=\"pxl-pxl_heading-81b2d2b-9227\" class=\"pxl-heading px-sub-title-default-style \">\n\t<div class=\"pxl-heading--inner\">\n\t\t\n\t\t<h3 class=\"pxl-item--title style-default  highlight-default \" data-wow-delay=\"ms\">\n\t\t\t\t\t\t\tMart\u00ed &#038; Associats est le membre espagnol du r\u00e9seau international d&#8217;avocats Ally Law\t\n\t\t\t\t\n\t\t<\/h3>\n\t\t\n\t<\/div>\n<\/div>\t\t\t\t<\/div>\n\t\t\t\t<\/div>\n\t\t\t\t<\/div>\r\n\t\t\t\t<div class=\"elementor-element elementor-element-5d44552 elementor-widget elementor-widget-image\" data-id=\"5d44552\" data-element_type=\"widget\" data-widget_type=\"image.default\">\n\t\t\t\t\t\t\t\t\t\t\t\t\t\t\t<img fetchpriority=\"high\" decoding=\"async\" width=\"576\" height=\"576\" src=\"https:\/\/martilawyers.com\/wp-content\/uploads\/2025\/09\/firma2.jpg\" class=\"attachment-large size-large wp-image-18520\" alt=\"\" srcset=\"https:\/\/martilawyers.com\/wp-content\/uploads\/2025\/09\/firma2.jpg 576w, https:\/\/martilawyers.com\/wp-content\/uploads\/2025\/09\/firma2-300x300.jpg 300w, https:\/\/martilawyers.com\/wp-content\/uploads\/2025\/09\/firma2-150x150.jpg 150w\" sizes=\"(max-width: 576px) 100vw, 576px\" \/>\t\t\t\t\t\t\t\t\t\t\t\t\t\t\t<\/div>\n\t\t\t\t\t<\/div>\r\n\t\t\t\t<\/div>\r\n\t\t<div class=\"elementor-element elementor-element-6c54bce e-grid animated-slow e-con-boxed elementor-invisible e-con e-parent \" data-id=\"6c54bce\" data-element_type=\"container\" data-settings=\"{&quot;animation&quot;:&quot;fadeIn&quot;}\">\t\t\t<div class=\"e-con-inner\">\r\n\t\t<div class=\"elementor-element elementor-element-4cb68d0 e-con-full e-flex e-con e-child \" data-id=\"4cb68d0\" data-element_type=\"container\">\t\t<div class=\"elementor-element elementor-element-5778be2 elementor-widget elementor-widget-image\" data-id=\"5778be2\" data-element_type=\"widget\" data-widget_type=\"image.default\">\n\t\t\t\t\t\t\t\t\t\t\t\t\t\t\t<img decoding=\"async\" width=\"500\" height=\"500\" src=\"https:\/\/martilawyers.com\/wp-content\/uploads\/2025\/09\/filosofia2.jpg\" class=\"attachment-large size-large wp-image-18521\" alt=\"\" srcset=\"https:\/\/martilawyers.com\/wp-content\/uploads\/2025\/09\/filosofia2.jpg 500w, https:\/\/martilawyers.com\/wp-content\/uploads\/2025\/09\/filosofia2-300x300.jpg 300w, https:\/\/martilawyers.com\/wp-content\/uploads\/2025\/09\/filosofia2-150x150.jpg 150w\" sizes=\"(max-width: 500px) 100vw, 500px\" \/>\t\t\t\t\t\t\t\t\t\t\t\t\t\t\t<\/div>\n\t\t\t\t<div class=\"elementor-element elementor-element-04a28ac elementor-widget elementor-widget-pxl_heading\" data-id=\"04a28ac\" data-element_type=\"widget\" data-widget_type=\"pxl_heading.default\">\n\t\t\t\t<div class=\"elementor-widget-container\">\n\t\t\t\t\t\n<div id=\"pxl-pxl_heading-04a28ac-2791\" class=\"pxl-heading px-sub-title-default-style \">\n\t<div class=\"pxl-heading--inner\">\n\t\t\n\t\t<h3 class=\"pxl-item--title style-default  highlight-default \" data-wow-delay=\"ms\">\n\t\t\t\t\t\t\tEfficacit\u00e9, confiance et engagement sont nos \u00e9l\u00e9ments distinctifs et font partie de notre ADN\t\n\t\t\t\t\n\t\t<\/h3>\n\t\t\n\t<\/div>\n<\/div>\t\t\t\t<\/div>\n\t\t\t\t<\/div>\n\t\t\t\t<\/div>\r\n\t\t<div class=\"elementor-element elementor-element-d7e3b8e e-con-full e-flex e-con e-child \" data-id=\"d7e3b8e\" data-element_type=\"container\"><div class=\"elementor-element elementor-element-41c39a0 e-con-full e-flex e-con e-child \" data-id=\"41c39a0\" data-element_type=\"container\">\t\t<div class=\"elementor-element elementor-element-78976c8 elementor-widget elementor-widget-heading\" data-id=\"78976c8\" data-element_type=\"widget\" data-widget_type=\"heading.default\">\n\t\t\t\t\t<h2 class=\"elementor-heading-title elementor-size-default\">Philosophie<\/h2>\t\t\t\t<\/div>\n\t\t\t\t<div class=\"elementor-element elementor-element-346bf2b elementor-widget elementor-widget-heading\" data-id=\"346bf2b\" data-element_type=\"widget\" data-widget_type=\"heading.default\">\n\t\t\t\t\t<h4 class=\"elementor-heading-title elementor-size-default\">Nous travaillons en \u00e9quipe, pensons globalement et prenons en charge les questions juridiques de nos clients afin qu'ils puissent se concentrer sur la gestion de leur entreprise<\/h4>\t\t\t\t<\/div>\n\t\t\t\t<div class=\"elementor-element elementor-element-f771d19 elementor-widget elementor-widget-text-editor\" data-id=\"f771d19\" data-element_type=\"widget\" data-widget_type=\"text-editor.default\">\n\t\t\t\t\t\t\t\t\t<span class=\"HwtZe\" lang=\"fr\"><span class=\"jCAhz ChMk0b\"><span class=\"ryNqvb\"><strong>Notre \u00e9quipe<\/strong> de professionnels est le garant de notre efficacit\u00e9.<\/span><\/span> <span class=\"jCAhz ChMk0b\"><span class=\"ryNqvb\">Nous visons l&#8217;excellence dans notre travail et permettons \u00e0 nos clients de comprendre pleinement les risques, opportunit\u00e9s et probl\u00e8mes juridiques auxquels ils sont confront\u00e9s, afin de les impliquer dans notre strat\u00e9gie et de faciliter la prise de d\u00e9cision la plus \u00e9clair\u00e9e.<\/span><\/span> <\/span><br><br><span class=\"HwtZe\" lang=\"fr\"><span class=\"jCAhz ChMk0b\"><span class=\"ryNqvb\"><strong>Nos clients<\/strong> nous font confiance chaque jour et c&#8217;est notre plus grande motivation.<\/span><\/span> <span class=\"jCAhz ChMk0b\"><span class=\"ryNqvb\">Lorsqu&#8217;un client nous confie un dossier, il sait qu&#8217;il est entre nos mains et que nous le d\u00e9fendrons avec professionnalisme, responsabilit\u00e9, cr\u00e9ativit\u00e9, d\u00e9vouement et passion pour garantir succ\u00e8s et excellents r\u00e9sultats \u00e0 ceux qui nous ont fait confiance.<\/span><\/span> <\/span><br><br><span class=\"HwtZe\" lang=\"fr\"><span class=\"jCAhz ChMk0b\"><span class=\"ryNqvb\"><strong>Notre engagement<\/strong> envers nos clients est absolu.<\/span><\/span> <span class=\"jCAhz ChMk0b\"><span class=\"ryNqvb\">Chez nous, le client est au c\u0153ur de notre activit\u00e9.<\/span><\/span> <span class=\"jCAhz ChMk0b\"><span class=\"ryNqvb\">Les probl\u00e8mes de nos clients sont nos probl\u00e8mes\u00a0; leurs pr\u00e9occupations sont les n\u00f4tres\u00a0;<\/span><\/span> <span class=\"jCAhz\"><span class=\"ryNqvb\">leur r\u00e9ussite est la n\u00f4tre.<\/span><\/span><span class=\"jCAhz ChMk0b\"><span class=\"ryNqvb\"> Nos services sont enti\u00e8rement personnalis\u00e9s et adapt\u00e9s \u00e0 chaque client.<\/span><\/span> <\/span><br><br><span class=\"HwtZe\" lang=\"fr\"><span class=\"jCAhz ChMk0b\"><span class=\"ryNqvb\"><strong>Nous sommes<\/strong> des professionnels proactifs, multilingues, hautement qualifi\u00e9s et continuellement form\u00e9s, multidisciplinaires, cr\u00e9atifs, innovants, r\u00e9actifs et accessibles.<\/span><\/span> <\/span><br><br><span class=\"HwtZe\" lang=\"fr\"><span class=\"jCAhz ChMk0b\"><span class=\"ryNqvb\"><strong>Notre disponibilit\u00e9<\/strong> est absolue et nous r\u00e9pondons rapidement aux emails et aux appels, garantissant ainsi \u00e0 nos clients un acc\u00e8s direct et imm\u00e9diat aux associ\u00e9s et \u00e0 tous les autres professionnels sp\u00e9cialis\u00e9s du cabinet.<\/span><\/span><\/span>\t\t\t\t\t\t\t\t<\/div>\n\t\t\t\t<\/div>\r\n\t\t\t\t<\/div>\r\n\t\t\t\t\t<\/div>\r\n\t\t\t\t<\/div>\r\n\t\t<div class=\"elementor-element elementor-element-d04d00b e-flex e-con-boxed e-con e-parent \" data-id=\"d04d00b\" data-element_type=\"container\">\t\t\t<div class=\"e-con-inner\">\r\n\t\t\t\t\t<\/div>\r\n\t\t\t\t<\/div>\r\n\t\t\t\t<\/div>\n\t\t","protected":false},"excerpt":{"rendered":"<p>Mart\u00ed &amp; Associats\u00a0est un cabinet d\u2019avocats et \u00e9conomistes situ\u00e9 \u00e0 Barcelone, dont l\u2019objectif principal est de fournir des services professionnels d\u2019une haute qualification technique aux entreprises et aux personnes physiques. Par ailleurs,\u00a0Mart\u00ed &amp; Associats\u00a0est le membre en Espagne du r\u00e9seau international de cabinets d\u2019avocats d\u00e9nomm\u00e9 Ally Law, ce qui nous permet de maintenir des \u00e9changes [&hellip;]<\/p>\n","protected":false},"author":1,"featured_media":1403,"parent":0,"menu_order":0,"comment_status":"closed","ping_status":"closed","template":"","meta":{"footnotes":""},"class_list":["post-1154","page","type-page","status-publish","has-post-thumbnail","hentry"],"_links":{"self":[{"href":"https:\/\/martilawyers.com\/fr\/wp-json\/wp\/v2\/pages\/1154","targetHints":{"allow":["GET"]}}],"collection":[{"href":"https:\/\/martilawyers.com\/fr\/wp-json\/wp\/v2\/pages"}],"about":[{"href":"https:\/\/martilawyers.com\/fr\/wp-json\/wp\/v2\/types\/page"}],"author":[{"embeddable":true,"href":"https:\/\/martilawyers.com\/fr\/wp-json\/wp\/v2\/users\/1"}],"replies":[{"embeddable":true,"href":"https:\/\/martilawyers.com\/fr\/wp-json\/wp\/v2\/comments?post=1154"}],"version-history":[{"count":5,"href":"https:\/\/martilawyers.com\/fr\/wp-json\/wp\/v2\/pages\/1154\/revisions"}],"predecessor-version":[{"id":18525,"href":"https:\/\/martilawyers.com\/fr\/wp-json\/wp\/v2\/pages\/1154\/revisions\/18525"}],"wp:featuredmedia":[{"embeddable":true,"href":"https:\/\/martilawyers.com\/fr\/wp-json\/wp\/v2\/media\/1403"}],"wp:attachment":[{"href":"https:\/\/martilawyers.com\/fr\/wp-json\/wp\/v2\/media?parent=1154"}],"curies":[{"name":"wp","href":"https:\/\/api.w.org\/{rel}","templated":true}]}}

<div data-elementor-type="wp-page" data-elementor-id="1154" class="elementor elementor-1154 elementor-152">
				<div class="elementor-element elementor-element-bba6404 e-grid animated-slow e-con-boxed elementor-invisible e-con e-parent " data-id="bba6404" data-element_type="container" data-settings="{&quot;animation&quot;:&quot;fadeIn&quot;}">			<div class="e-con-inner">
		<div class="elementor-element elementor-element-732d711 e-con-full e-flex e-con e-child " data-id="732d711" data-element_type="container">		<div class="elementor-element elementor-element-210a1de1 elementor-widget elementor-widget-text-editor" data-id="210a1de1" data-element_type="widget" data-widget_type="text-editor.default">
									<div id="pxl-main"><div class="elementor-container"><div class="row pxl-content-wrap no-sidebar"><div id="pxl-content-area" class="pxl-content-area pxl-content-page col-12"><p><strong>Martí &amp; Associats</strong> est un cabinet d’avocats et économistes situé à Barcelone, dont l’objectif principal est de fournir des services professionnels d’une haute qualification technique aux entreprises et aux personnes physiques.</p><article id="pxl-post-1154" class="post-1154 page type-page status-publish has-post-thumbnail hentry"><div class="pxl-entry-content clearfix"><p>Par ailleurs, <strong>Martí &amp; Associats</strong> est le membre en Espagne du réseau international de cabinets d’avocats dénommé Ally Law, ce qui nous permet de maintenir des échanges et des contacts fluides avec des sociétés situées dans les principaux pays et juridictions du monde.</p><p>Nos langues de communication, tant au niveau parlé qu’écrit, sont, avec l’espagnol et le catalan, l’anglais, le allemand, l’italien, le français et le russe.</p></div><p> </p></article><p> </p></div><p> </p></div><p> </p></div><p> </p></div>								</div>
				<div class="elementor-element elementor-element-81b2d2b elementor-widget elementor-widget-pxl_heading" data-id="81b2d2b" data-element_type="widget" data-widget_type="pxl_heading.default">
				<div class="elementor-widget-container">
					
<div id="pxl-pxl_heading-81b2d2b-9227" class="pxl-heading px-sub-title-default-style ">
	<div class="pxl-heading--inner">
		
		<h3 class="pxl-item--title style-default  highlight-default " data-wow-delay="ms">
							Martí &#038; Associats est le membre espagnol du réseau international d&#8217;avocats Ally Law	
				
		</h3>
		
	</div>
</div>				</div>
				</div>
				</div>
				<div class="elementor-element elementor-element-5d44552 elementor-widget elementor-widget-image" data-id="5d44552" data-element_type="widget" data-widget_type="image.default">
															<img fetchpriority="high" decoding="async" width="576" height="576" src="https://martilawyers.com/wp-content/uploads/2025/09/firma2.jpg" class="attachment-large size-large wp-image-18520" alt="" srcset="https://martilawyers.com/wp-content/uploads/2025/09/firma2.jpg 576w, https://martilawyers.com/wp-content/uploads/2025/09/firma2-300x300.jpg 300w, https://martilawyers.com/wp-content/uploads/2025/09/firma2-150x150.jpg 150w" sizes="(max-width: 576px) 100vw, 576px" />															</div>
					</div>
				</div>
		<div class="elementor-element elementor-element-6c54bce e-grid animated-slow e-con-boxed elementor-invisible e-con e-parent " data-id="6c54bce" data-element_type="container" data-settings="{&quot;animation&quot;:&quot;fadeIn&quot;}">			<div class="e-con-inner">
		<div class="elementor-element elementor-element-4cb68d0 e-con-full e-flex e-con e-child " data-id="4cb68d0" data-element_type="container">		<div class="elementor-element elementor-element-5778be2 elementor-widget elementor-widget-image" data-id="5778be2" data-element_type="widget" data-widget_type="image.default">
															<img decoding="async" width="500" height="500" src="https://martilawyers.com/wp-content/uploads/2025/09/filosofia2.jpg" class="attachment-large size-large wp-image-18521" alt="" srcset="https://martilawyers.com/wp-content/uploads/2025/09/filosofia2.jpg 500w, https://martilawyers.com/wp-content/uploads/2025/09/filosofia2-300x300.jpg 300w, https://martilawyers.com/wp-content/uploads/2025/09/filosofia2-150x150.jpg 150w" sizes="(max-width: 500px) 100vw, 500px" />															</div>
				<div class="elementor-element elementor-element-04a28ac elementor-widget elementor-widget-pxl_heading" data-id="04a28ac" data-element_type="widget" data-widget_type="pxl_heading.default">
				<div class="elementor-widget-container">
					
<div id="pxl-pxl_heading-04a28ac-2791" class="pxl-heading px-sub-title-default-style ">
	<div class="pxl-heading--inner">
		
		<h3 class="pxl-item--title style-default  highlight-default " data-wow-delay="ms">
							Efficacité, confiance et engagement sont nos éléments distinctifs et font partie de notre ADN	
				
		</h3>
		
	</div>
</div>				</div>
				</div>
				</div>
		<div class="elementor-element elementor-element-d7e3b8e e-con-full e-flex e-con e-child " data-id="d7e3b8e" data-element_type="container"><div class="elementor-element elementor-element-41c39a0 e-con-full e-flex e-con e-child " data-id="41c39a0" data-element_type="container">		<div class="elementor-element elementor-element-78976c8 elementor-widget elementor-widget-heading" data-id="78976c8" data-element_type="widget" data-widget_type="heading.default">
					<h2 class="elementor-heading-title elementor-size-default">Philosophie</h2>				</div>
				<div class="elementor-element elementor-element-346bf2b elementor-widget elementor-widget-heading" data-id="346bf2b" data-element_type="widget" data-widget_type="heading.default">
					<h4 class="elementor-heading-title elementor-size-default">Nous travaillons en équipe, pensons globalement et prenons en charge les questions juridiques de nos clients afin qu'ils puissent se concentrer sur la gestion de leur entreprise</h4>				</div>
				<div class="elementor-element elementor-element-f771d19 elementor-widget elementor-widget-text-editor" data-id="f771d19" data-element_type="widget" data-widget_type="text-editor.default">
									<span class="HwtZe" lang="fr"><span class="jCAhz ChMk0b"><span class="ryNqvb"><strong>Notre équipe</strong> de professionnels est le garant de notre efficacité.</span></span> <span class="jCAhz ChMk0b"><span class="ryNqvb">Nous visons l&#8217;excellence dans notre travail et permettons à nos clients de comprendre pleinement les risques, opportunités et problèmes juridiques auxquels ils sont confrontés, afin de les impliquer dans notre stratégie et de faciliter la prise de décision la plus éclairée.</span></span> </span><br><br><span class="HwtZe" lang="fr"><span class="jCAhz ChMk0b"><span class="ryNqvb"><strong>Nos clients</strong> nous font confiance chaque jour et c&#8217;est notre plus grande motivation.</span></span> <span class="jCAhz ChMk0b"><span class="ryNqvb">Lorsqu&#8217;un client nous confie un dossier, il sait qu&#8217;il est entre nos mains et que nous le défendrons avec professionnalisme, responsabilité, créativité, dévouement et passion pour garantir succès et excellents résultats à ceux qui nous ont fait confiance.</span></span> </span><br><br><span class="HwtZe" lang="fr"><span class="jCAhz ChMk0b"><span class="ryNqvb"><strong>Notre engagement</strong> envers nos clients est absolu.</span></span> <span class="jCAhz ChMk0b"><span class="ryNqvb">Chez nous, le client est au cœur de notre activité.</span></span> <span class="jCAhz ChMk0b"><span class="ryNqvb">Les problèmes de nos clients sont nos problèmes ; leurs préoccupations sont les nôtres ;</span></span> <span class="jCAhz"><span class="ryNqvb">leur réussite est la nôtre.</span></span><span class="jCAhz ChMk0b"><span class="ryNqvb"> Nos services sont entièrement personnalisés et adaptés à chaque client.</span></span> </span><br><br><span class="HwtZe" lang="fr"><span class="jCAhz ChMk0b"><span class="ryNqvb"><strong>Nous sommes</strong> des professionnels proactifs, multilingues, hautement qualifiés et continuellement formés, multidisciplinaires, créatifs, innovants, réactifs et accessibles.</span></span> </span><br><br><span class="HwtZe" lang="fr"><span class="jCAhz ChMk0b"><span class="ryNqvb"><strong>Notre disponibilité</strong> est absolue et nous répondons rapidement aux emails et aux appels, garantissant ainsi à nos clients un accès direct et immédiat aux associés et à tous les autres professionnels spécialisés du cabinet.</span></span></span>								</div>
				</div>
				</div>
					</div>
				</div>
		<div class="elementor-element elementor-element-d04d00b e-flex e-con-boxed e-con e-parent " data-id="d04d00b" data-element_type="container">			<div class="e-con-inner">
					</div>
				</div>
				</div>

<p>Martí &amp; Associats est un cabinet d’avocats et économistes situé à Barcelone, dont l’objectif principal est de fournir des services professionnels d’une haute qualification technique aux entreprises et aux personnes physiques. Par ailleurs, Martí &amp; Associats est le membre en Espagne du réseau international de cabinets d’avocats dénommé Ally Law, ce qui nous permet de maintenir des échanges [&hellip;]</p>
